{"id":7066,"date":"2023-11-29T12:53:10","date_gmt":"2023-11-29T14:53:10","guid":{"rendered":"https:\/\/futurofunsejem.org.br\/online\/?page_id=7066"},"modified":"2023-11-29T13:46:10","modified_gmt":"2023-11-29T15:46:10","slug":"informacoes-uteis","status":"publish","type":"page","link":"https:\/\/futurofunsejem.org.br\/online\/informacoes-uteis\/","title":{"rendered":"Informa\u00e7\u00f5es \u00dateis"},"content":{"rendered":"<section class=\"wpb-content-wrapper\"><p>[vc_row][vc_column width=&#8221;1\/2&#8243;][vc_column_text]<\/p>\n<h4><strong>Links<\/strong><\/h4>\n<p>[\/vc_column_text][vc_empty_space][vc_tta_tabs][vc_tta_section title=&#8221;Site Funsejem&#8221; tab_id=&#8221;1700853951976-13c96b52-6f18&#8243;][vc_empty_space height=&#8221;15px&#8221;][vc_column_text]<\/p>\n<h5 style=\"text-align: center;\"><a href=\"https:\/\/www.funsejem.org.br\/\" target=\"_blank\" rel=\"noopener\"><strong>www.funsejem.org.br<\/strong><\/a><\/h5>\n<p>[\/vc_column_text][vc_empty_space][vc_single_image image=&#8221;7079&#8243; img_size=&#8221;full&#8221; alignment=&#8221;center&#8221; onclick=&#8221;custom_link&#8221; link=&#8221;https:\/\/www.funsejem.org.br\/&#8221;][\/vc_tta_section][vc_tta_section title=&#8221;Futuro On-line&#8221; tab_id=&#8221;1700853952003-8593b395-e63e&#8221;][vc_empty_space height=&#8221;15px&#8221;][vc_column_text]<\/p>\n<h5 style=\"text-align: center;\"><strong><a href=\"https:\/\/futurofunsejem.org.br\/online\/\" target=\"_blank\" rel=\"noopener\">www.futurofunsejem.org.br\/online<\/a><\/strong><\/h5>\n<p>[\/vc_column_text][vc_empty_space][vc_single_image image=&#8221;7080&#8243; img_size=&#8221;full&#8221; onclick=&#8221;custom_link&#8221; link=&#8221;https:\/\/futurofunsejem.org.br\/online\/&#8221;][\/vc_tta_section][vc_tta_section title=&#8221;Podcast Funsejem&#8221; tab_id=&#8221;1700853952032-58a01625-0d6a&#8221;][vc_empty_space height=&#8221;15px&#8221;][vc_column_text]<\/p>\n<h5 style=\"text-align: center;\"><a href=\"https:\/\/www.youtube.com\/@PodcastFunsejem\" target=\"_blank\" rel=\"noopener\"><strong>www.youtube.com\/@PodcastFunsejem<\/strong><\/a><\/h5>\n<p>[\/vc_column_text][vc_empty_space][vc_single_image image=&#8221;7081&#8243; img_size=&#8221;full&#8221; onclick=&#8221;custom_link&#8221; link=&#8221;https:\/\/www.youtube.com\/@PodcastFunsejem&#8221;][\/vc_tta_section][\/vc_tta_tabs][\/vc_column][vc_column width=&#8221;1\/2&#8243;][vc_column_text]<\/p>\n<h4><strong>V\u00eddeos<\/strong><\/h4>\n<p>[\/vc_column_text][vc_empty_space][vc_tta_tabs][vc_tta_section title=&#8221;V\u00eddeo Explicativo Votorantim Prev&#8221; tab_id=&#8221;1700231740565-6b5269e9-3111&#8243;][vc_empty_space height=&#8221;15px&#8221;][vc_column_text]<iframe loading=\"lazy\" title=\"YouTube video player\" src=\"https:\/\/www.youtube.com\/embed\/UFXYMKX3ms8?si=Y2cSWgj3NGPEtjUt\" width=\"560\" height=\"315\" frameborder=\"0\" align=\"center\" allowfullscreen=\"allowfullscreen\"><span data-mce-type=\"bookmark\" style=\"display: inline-block; width: 0px; overflow: hidden; line-height: 0;\" class=\"mce_SELRES_start\">\ufeff<\/span><span data-mce-type=\"bookmark\" style=\"display: inline-block; width: 0px; overflow: hidden; line-height: 0;\" class=\"mce_SELRES_start\">\ufeff<\/span><span data-mce-type=\"bookmark\" style=\"display: inline-block; width: 0px; overflow: hidden; line-height: 0;\" class=\"mce_SELRES_start\">\ufeff<\/span><\/iframe>[\/vc_column_text][vc_empty_space][\/vc_tta_section][\/vc_tta_tabs][\/vc_column][\/vc_row]<\/p>\n<\/section>","protected":false},"excerpt":{"rendered":"<p>[vc_row][vc_column width=&#8221;1\/2&#8243;][vc_column_text] Links [\/vc_column_text][vc_empty_space][vc_tta_tabs][vc_tta_section title=&#8221;Site Funsejem&#8221; tab_id=&#8221;1700853951976-13c96b52-6f18&#8243;][vc_empty_space height=&#8221;15px&#8221;][vc_column_text] www.funsejem.org.br [\/vc_column_text][vc_empty_space][vc_single_image image=&#8221;7079&#8243; img_size=&#8221;full&#8221; alignment=&#8221;center&#8221; onclick=&#8221;custom_link&#8221; link=&#8221;https:\/\/www.funsejem.org.br\/&#8221;][\/vc_tta_section][vc_tta_section title=&#8221;Futuro On-line&#8221; tab_id=&#8221;1700853952003-8593b395-e63e&#8221;][vc_empty_space height=&#8221;15px&#8221;][vc_column_text] www.futurofunsejem.org.br\/online [\/vc_column_text][vc_empty_space][vc_single_image image=&#8221;7080&#8243; img_size=&#8221;full&#8221; onclick=&#8221;custom_link&#8221; link=&#8221;https:\/\/futurofunsejem.org.br\/online\/&#8221;][\/vc_tta_section][vc_tta_section title=&#8221;Podcast Funsejem&#8221; tab_id=&#8221;1700853952032-58a01625-0d6a&#8221;][vc_empty_space height=&#8221;15px&#8221;][vc_column_text] www.youtube.com\/@PodcastFunsejem [\/vc_column_text][vc_empty_space][vc_single_image image=&#8221;7081&#8243; img_size=&#8221;full&#8221; onclick=&#8221;custom_link&#8221; link=&#8221;https:\/\/www.youtube.com\/@PodcastFunsejem&#8221;][\/vc_tta_section][\/vc_tta_tabs][\/vc_column][vc_column width=&#8221;1\/2&#8243;][vc_column_text] V\u00eddeos [\/vc_column_text][vc_empty_space][vc_tta_tabs][vc_tta_section title=&#8221;V\u00eddeo Explicativo Votorantim Prev&#8221; tab_id=&#8221;1700231740565-6b5269e9-3111&#8243;][vc_empty_space height=&#8221;15px&#8221;][vc_column_text]\ufeff\ufeff\ufeff[\/vc_column_text][vc_empty_space][\/vc_tta_section][\/vc_tta_tabs][\/vc_column][\/vc_row]<\/p>\n","protected":false},"author":7,"featured_media":0,"parent":0,"menu_order":0,"comment_status":"closed","ping_status":"closed","template":"","meta":{"footnotes":""},"class_list":["post-7066","page","type-page","status-publish","hentry"],"acf":[],"yoast_head":"<!-- This site is optimized with the Yoast SEO plugin v20.8 - https:\/\/yoast.com\/wordpress\/plugins\/seo\/ -->\n<title>Informa\u00e7\u00f5es \u00dateis | Futuro On-line<\/title>\n<meta name=\"robots\" content=\"index, follow, max-snippet:-1, max-image-preview:large, max-video-preview:-1\" \/>\n<link rel=\"canonical\" href=\"https:\/\/futurofunsejem.org.br\/online\/informacoes-uteis\/\" \/>\n<meta property=\"og:locale\" content=\"pt_BR\" \/>\n<meta property=\"og:type\" content=\"article\" \/>\n<meta property=\"og:title\" content=\"Informa\u00e7\u00f5es \u00dateis | Futuro On-line\" \/>\n<meta property=\"og:description\" content=\"[vc_row][vc_column width=&#8221;1\/2&#8243;][vc_column_text] Links [\/vc_column_text][vc_empty_space][vc_tta_tabs][vc_tta_section title=&#8221;Site Funsejem&#8221; tab_id=&#8221;1700853951976-13c96b52-6f18&#8243;][vc_empty_space height=&#8221;15px&#8221;][vc_column_text] www.funsejem.org.br [\/vc_column_text][vc_empty_space][vc_single_image image=&#8221;7079&#8243; img_size=&#8221;full&#8221; alignment=&#8221;center&#8221; onclick=&#8221;custom_link&#8221; link=&#8221;https:\/\/www.funsejem.org.br\/&#8221;][\/vc_tta_section][vc_tta_section title=&#8221;Futuro On-line&#8221; tab_id=&#8221;1700853952003-8593b395-e63e&#8221;][vc_empty_space height=&#8221;15px&#8221;][vc_column_text] www.futurofunsejem.org.br\/online [\/vc_column_text][vc_empty_space][vc_single_image image=&#8221;7080&#8243; img_size=&#8221;full&#8221; onclick=&#8221;custom_link&#8221; link=&#8221;https:\/\/futurofunsejem.org.br\/online\/&#8221;][\/vc_tta_section][vc_tta_section title=&#8221;Podcast Funsejem&#8221; tab_id=&#8221;1700853952032-58a01625-0d6a&#8221;][vc_empty_space height=&#8221;15px&#8221;][vc_column_text] www.youtube.com\/@PodcastFunsejem [\/vc_column_text][vc_empty_space][vc_single_image image=&#8221;7081&#8243; img_size=&#8221;full&#8221; onclick=&#8221;custom_link&#8221; link=&#8221;https:\/\/www.youtube.com\/@PodcastFunsejem&#8221;][\/vc_tta_section][\/vc_tta_tabs][\/vc_column][vc_column width=&#8221;1\/2&#8243;][vc_column_text] V\u00eddeos [\/vc_column_text][vc_empty_space][vc_tta_tabs][vc_tta_section title=&#8221;V\u00eddeo Explicativo Votorantim Prev&#8221; tab_id=&#8221;1700231740565-6b5269e9-3111&#8243;][vc_empty_space height=&#8221;15px&#8221;][vc_column_text]\ufeff\ufeff\ufeff[\/vc_column_text][vc_empty_space][\/vc_tta_section][\/vc_tta_tabs][\/vc_column][\/vc_row]\" \/>\n<meta property=\"og:url\" content=\"https:\/\/futurofunsejem.org.br\/online\/informacoes-uteis\/\" \/>\n<meta property=\"og:site_name\" content=\"Futuro On-line\" \/>\n<meta property=\"article:modified_time\" content=\"2023-11-29T15:46:10+00:00\" \/>\n<meta name=\"twitter:card\" content=\"summary_large_image\" \/>\n<meta name=\"twitter:label1\" content=\"Est. tempo de leitura\" \/>\n\t<meta name=\"twitter:data1\" content=\"1 minuto\" \/>\n<script type=\"application\/ld+json\" class=\"yoast-schema-graph\">{\"@context\":\"https:\/\/schema.org\",\"@graph\":[{\"@type\":\"WebPage\",\"@id\":\"https:\/\/futurofunsejem.org.br\/online\/informacoes-uteis\/\",\"url\":\"https:\/\/futurofunsejem.org.br\/online\/informacoes-uteis\/\",\"name\":\"Informa\u00e7\u00f5es \u00dateis | Futuro On-line\",\"isPartOf\":{\"@id\":\"https:\/\/futurofunsejem.org.br\/online\/#website\"},\"datePublished\":\"2023-11-29T14:53:10+00:00\",\"dateModified\":\"2023-11-29T15:46:10+00:00\",\"breadcrumb\":{\"@id\":\"https:\/\/futurofunsejem.org.br\/online\/informacoes-uteis\/#breadcrumb\"},\"inLanguage\":\"pt-BR\",\"potentialAction\":[{\"@type\":\"ReadAction\",\"target\":[\"https:\/\/futurofunsejem.org.br\/online\/informacoes-uteis\/\"]}]},{\"@type\":\"BreadcrumbList\",\"@id\":\"https:\/\/futurofunsejem.org.br\/online\/informacoes-uteis\/#breadcrumb\",\"itemListElement\":[{\"@type\":\"ListItem\",\"position\":1,\"name\":\"In\u00edcio\",\"item\":\"https:\/\/futurofunsejem.org.br\/online\/\"},{\"@type\":\"ListItem\",\"position\":2,\"name\":\"Informa\u00e7\u00f5es \u00dateis\"}]},{\"@type\":\"WebSite\",\"@id\":\"https:\/\/futurofunsejem.org.br\/online\/#website\",\"url\":\"https:\/\/futurofunsejem.org.br\/online\/\",\"name\":\"Futuro On-line\",\"description\":\"O jornal Futuro, informativo da Funsejem, \u00e9 uma publica\u00e7\u00e3o bimestral divulgada nas empresas da Votorantim, patrocinadoras da Funda\u00e7\u00e3o, e aos participantes autopatrocinados, vinculados e aposentados pelo plano.\",\"potentialAction\":[{\"@type\":\"SearchAction\",\"target\":{\"@type\":\"EntryPoint\",\"urlTemplate\":\"https:\/\/futurofunsejem.org.br\/online\/?s={search_term_string}\"},\"query-input\":\"required name=search_term_string\"}],\"inLanguage\":\"pt-BR\"}]}<\/script>\n<!-- \/ Yoast SEO plugin. -->","yoast_head_json":{"title":"Informa\u00e7\u00f5es \u00dateis | Futuro On-line","robots":{"index":"index","follow":"follow","max-snippet":"max-snippet:-1","max-image-preview":"max-image-preview:large","max-video-preview":"max-video-preview:-1"},"canonical":"https:\/\/futurofunsejem.org.br\/online\/informacoes-uteis\/","og_locale":"pt_BR","og_type":"article","og_title":"Informa\u00e7\u00f5es \u00dateis | Futuro On-line","og_description":"[vc_row][vc_column width=&#8221;1\/2&#8243;][vc_column_text] Links [\/vc_column_text][vc_empty_space][vc_tta_tabs][vc_tta_section title=&#8221;Site Funsejem&#8221; tab_id=&#8221;1700853951976-13c96b52-6f18&#8243;][vc_empty_space height=&#8221;15px&#8221;][vc_column_text] www.funsejem.org.br [\/vc_column_text][vc_empty_space][vc_single_image image=&#8221;7079&#8243; img_size=&#8221;full&#8221; alignment=&#8221;center&#8221; onclick=&#8221;custom_link&#8221; link=&#8221;https:\/\/www.funsejem.org.br\/&#8221;][\/vc_tta_section][vc_tta_section title=&#8221;Futuro On-line&#8221; tab_id=&#8221;1700853952003-8593b395-e63e&#8221;][vc_empty_space height=&#8221;15px&#8221;][vc_column_text] www.futurofunsejem.org.br\/online [\/vc_column_text][vc_empty_space][vc_single_image image=&#8221;7080&#8243; img_size=&#8221;full&#8221; onclick=&#8221;custom_link&#8221; link=&#8221;https:\/\/futurofunsejem.org.br\/online\/&#8221;][\/vc_tta_section][vc_tta_section title=&#8221;Podcast Funsejem&#8221; tab_id=&#8221;1700853952032-58a01625-0d6a&#8221;][vc_empty_space height=&#8221;15px&#8221;][vc_column_text] www.youtube.com\/@PodcastFunsejem [\/vc_column_text][vc_empty_space][vc_single_image image=&#8221;7081&#8243; img_size=&#8221;full&#8221; onclick=&#8221;custom_link&#8221; link=&#8221;https:\/\/www.youtube.com\/@PodcastFunsejem&#8221;][\/vc_tta_section][\/vc_tta_tabs][\/vc_column][vc_column width=&#8221;1\/2&#8243;][vc_column_text] V\u00eddeos [\/vc_column_text][vc_empty_space][vc_tta_tabs][vc_tta_section title=&#8221;V\u00eddeo Explicativo Votorantim Prev&#8221; tab_id=&#8221;1700231740565-6b5269e9-3111&#8243;][vc_empty_space height=&#8221;15px&#8221;][vc_column_text]\ufeff\ufeff\ufeff[\/vc_column_text][vc_empty_space][\/vc_tta_section][\/vc_tta_tabs][\/vc_column][\/vc_row]","og_url":"https:\/\/futurofunsejem.org.br\/online\/informacoes-uteis\/","og_site_name":"Futuro On-line","article_modified_time":"2023-11-29T15:46:10+00:00","twitter_card":"summary_large_image","twitter_misc":{"Est. tempo de leitura":"1 minuto"},"schema":{"@context":"https:\/\/schema.org","@graph":[{"@type":"WebPage","@id":"https:\/\/futurofunsejem.org.br\/online\/informacoes-uteis\/","url":"https:\/\/futurofunsejem.org.br\/online\/informacoes-uteis\/","name":"Informa\u00e7\u00f5es \u00dateis | Futuro On-line","isPartOf":{"@id":"https:\/\/futurofunsejem.org.br\/online\/#website"},"datePublished":"2023-11-29T14:53:10+00:00","dateModified":"2023-11-29T15:46:10+00:00","breadcrumb":{"@id":"https:\/\/futurofunsejem.org.br\/online\/informacoes-uteis\/#breadcrumb"},"inLanguage":"pt-BR","potentialAction":[{"@type":"ReadAction","target":["https:\/\/futurofunsejem.org.br\/online\/informacoes-uteis\/"]}]},{"@type":"BreadcrumbList","@id":"https:\/\/futurofunsejem.org.br\/online\/informacoes-uteis\/#breadcrumb","itemListElement":[{"@type":"ListItem","position":1,"name":"In\u00edcio","item":"https:\/\/futurofunsejem.org.br\/online\/"},{"@type":"ListItem","position":2,"name":"Informa\u00e7\u00f5es \u00dateis"}]},{"@type":"WebSite","@id":"https:\/\/futurofunsejem.org.br\/online\/#website","url":"https:\/\/futurofunsejem.org.br\/online\/","name":"Futuro On-line","description":"O jornal Futuro, informativo da Funsejem, \u00e9 uma publica\u00e7\u00e3o bimestral divulgada nas empresas da Votorantim, patrocinadoras da Funda\u00e7\u00e3o, e aos participantes autopatrocinados, vinculados e aposentados pelo plano.","potentialAction":[{"@type":"SearchAction","target":{"@type":"EntryPoint","urlTemplate":"https:\/\/futurofunsejem.org.br\/online\/?s={search_term_string}"},"query-input":"required name=search_term_string"}],"inLanguage":"pt-BR"}]}},"_links":{"self":[{"href":"https:\/\/futurofunsejem.org.br\/online\/wp-json\/wp\/v2\/pages\/7066","targetHints":{"allow":["GET"]}}],"collection":[{"href":"https:\/\/futurofunsejem.org.br\/online\/wp-json\/wp\/v2\/pages"}],"about":[{"href":"https:\/\/futurofunsejem.org.br\/online\/wp-json\/wp\/v2\/types\/page"}],"author":[{"embeddable":true,"href":"https:\/\/futurofunsejem.org.br\/online\/wp-json\/wp\/v2\/users\/7"}],"replies":[{"embeddable":true,"href":"https:\/\/futurofunsejem.org.br\/online\/wp-json\/wp\/v2\/comments?post=7066"}],"version-history":[{"count":16,"href":"https:\/\/futurofunsejem.org.br\/online\/wp-json\/wp\/v2\/pages\/7066\/revisions"}],"predecessor-version":[{"id":7092,"href":"https:\/\/futurofunsejem.org.br\/online\/wp-json\/wp\/v2\/pages\/7066\/revisions\/7092"}],"wp:attachment":[{"href":"https:\/\/futurofunsejem.org.br\/online\/wp-json\/wp\/v2\/media?parent=7066"}],"curies":[{"name":"wp","href":"https:\/\/api.w.org\/{rel}","templated":true}]}}